{"id":610,"date":"2025-09-19T11:12:46","date_gmt":"2025-09-19T11:12:46","guid":{"rendered":"http:\/\/mtgvuzu.cluster021.hosting.ovh.net\/?page_id=610"},"modified":"2025-09-19T11:17:10","modified_gmt":"2025-09-19T11:17:10","slug":"mentions-legales","status":"publish","type":"page","link":"https:\/\/chezalex-narbonne-plage.fr\/index.php\/mentions-legales\/","title":{"rendered":"Mentions l\u00e9gales"},"content":{"rendered":"\n<p>Mentions l\u00e9gales \u2013 Chez Alex<\/p>\n\n\n\n<p>\u00c9diteur du site :<\/p>\n\n\n\n<p>Chez Alex<\/p>\n\n\n\n<p>Narbonne Plage, France<\/p>\n\n\n\n<p>Responsable de la publication :<\/p>\n\n\n\n<p>Alexandre BALANGER<\/p>\n\n\n\n<p>\ud83d\udcde&nbsp;06 60 57 02 26<\/p>\n\n\n\n<p>\ud83d\udce7&nbsp;contact@chezalex.fr<\/p>\n\n\n\n<p>H\u00e9bergement du site :<\/p>\n\n\n\n<p>OVH<\/p>\n\n\n\n<p>Adresse : OVH FRANCE<\/p>\n\n\n\n<p>T\u00e9l\u00e9phone : [Num\u00e9ro de l\u2019h\u00e9bergeur]<\/p>\n\n\n\n<p>Propri\u00e9t\u00e9 intellectuelle :<\/p>\n\n\n\n<p>Tout le contenu du site (textes, images, logos) est la propri\u00e9t\u00e9 de Chez Alex ou de ses<br>partenaires et est prot\u00e9g\u00e9 par le droit d\u2019auteur. Toute reproduction totale ou partielle est<br>interdite sans autorisation pr\u00e9alable.<\/p>\n\n\n\n<p>Responsabilit\u00e9 :<\/p>\n\n\n\n<p>Chez Alex met tout en \u0153uvre pour assurer l\u2019exactitude des informations, mais ne peut \u00eatre tenu<br>responsable des erreurs ou omissions sur le site.<\/p>\n\n\n\n<p>Cookies :<\/p>\n\n\n\n<p>Le site utilise des cookies pour am\u00e9liorer votre exp\u00e9rience de navigation. Vous pouvez g\u00e9rer vos<br>pr\u00e9f\u00e9rences dans votre navigateur.<\/p>\n","protected":false},"excerpt":{"rendered":"<p>Mentions l\u00e9gales \u2013 Chez Alex \u00c9diteur du site : Chez Alex Narbonne Plage, France Responsable de la publication : Alexandre BALANGER \ud83d\udcde&nbsp;06 60 57 02 26 \ud83d\udce7&nbsp;contact@chezalex.fr H\u00e9bergement du site : OVH Adresse : OVH FRANCE T\u00e9l\u00e9phone : [Num\u00e9ro de l\u2019h\u00e9bergeur] Propri\u00e9t\u00e9 intellectuelle : Tout le contenu du site (textes, images, logos) est la propri\u00e9t\u00e9 [&hellip;]<\/p>\n","protected":false},"author":1,"featured_media":0,"parent":0,"menu_order":0,"comment_status":"closed","ping_status":"closed","template":"","meta":{"footnotes":""},"class_list":["post-610","page","type-page","status-publish","hentry"],"_links":{"self":[{"href":"https:\/\/chezalex-narbonne-plage.fr\/index.php\/wp-json\/wp\/v2\/pages\/610","targetHints":{"allow":["GET"]}}],"collection":[{"href":"https:\/\/chezalex-narbonne-plage.fr\/index.php\/wp-json\/wp\/v2\/pages"}],"about":[{"href":"https:\/\/chezalex-narbonne-plage.fr\/index.php\/wp-json\/wp\/v2\/types\/page"}],"author":[{"embeddable":true,"href":"https:\/\/chezalex-narbonne-plage.fr\/index.php\/wp-json\/wp\/v2\/users\/1"}],"replies":[{"embeddable":true,"href":"https:\/\/chezalex-narbonne-plage.fr\/index.php\/wp-json\/wp\/v2\/comments?post=610"}],"version-history":[{"count":3,"href":"https:\/\/chezalex-narbonne-plage.fr\/index.php\/wp-json\/wp\/v2\/pages\/610\/revisions"}],"predecessor-version":[{"id":614,"href":"https:\/\/chezalex-narbonne-plage.fr\/index.php\/wp-json\/wp\/v2\/pages\/610\/revisions\/614"}],"wp:attachment":[{"href":"https:\/\/chezalex-narbonne-plage.fr\/index.php\/wp-json\/wp\/v2\/media?parent=610"}],"curies":[{"name":"wp","href":"https:\/\/api.w.org\/{rel}","templated":true}]}}